 2*h - 2*v + 0 - 2 = 0, 2*v = -h - 2. Suppose -24 = -4*p + 4*d, 4*p + 2*d + 3 = 3*p. Suppose h = -0*k + p*k - 24. What are the prime factors of k?
2
Let d(r) = -r**2 - 23. Let v be d(0). Let i = 40 + v. What are the prime factors of i?
17
Let o be (-2)/12*(1 - 7). Let w = 17 - o. What are the prime factors of w?
2
Suppose -k - 2*q + 156 = -27, -4*k + 3*q = -699. List the prime factors of k.
3, 59
Let a(o) = -5*o**2 + o - 1. Let m be a(2). Let l = -6 - m. List the prime factors of l.
13
Let n be (-1 + -1)*(-55)/(-2). Let t = 101 + n. Suppose -t + 6 = -4*j. List the prime factors of j.
2, 5
Let g be (-3)/(-3)*(16 - -1). Let i(l) = -11*l**2 + l. Let d be i(1). What are the prime factors of (g/(-2))/(5/d)?
17
Let k(i) = -i**3 + 4*i**2 + 7*i - 4. Let o = 15 - 10. List the prime factors of k(o).
2, 3
Let a(g) = 3*g - 20. Let i be a(8). Suppose -i*u + 48 = -4*p, -2*u - 2*p = -0*p - 8. What are the prime factors of u?
2
Let h(v) be the first derivative of -v**5/60 - 5*v**4/12 - 2*v**3/3 + 3*v**2/2 - 1. Let p(o) be the second derivative of h(o). List the prime factors of p(-8).
2, 3
Let s(a) = a**3 - 9*a**2 + 4. Let m be s(9). Let y be m/14 - (-94)/14. Suppose -4*l = -y*l + 27. List the prime factors of l.
3
Let d = -115 - -79. Let v = d + 64. What are the prime factors of v?
2, 7
Let v(m) = -m**3 - 3*m**2 - m - 4. Let z be v(-3). Let l(a) = 2*a**2 - 2*a + 2. Let o be l(1). List the prime factors of o*((-9)/(-2) - z).
11
Suppose 5*d - 176 = -z, z + 160 = 5*d + 6*z. Let r = -12 + d. What are the prime factors of r?
2, 3
Let y be (22/6)/(2/12). Suppose 0 = 4*r - y - 6. What are the prime factors of r?
7
Let b(s) = -s**2 + 5*s - 1. What are the prime factors of b(2)?
5
Let w(a) = 10*a**2 + 10*a + 18. Let n(i) = 4*i**2 + 4*i + 7. Let h(u) = -12*n(u) + 5*w(u). Let m be h(-4). What are the prime factors of ((-10)/25)/((-1)/m)?
2, 3
Suppose -3*n = 2*n. Let y(x) = -6 + 0*x + 2*x + n*x. List the prime factors of y(6).
2, 3
Let h = 64 + 15. List the prime factors of h.
79
Let m be 3/(1/(-8)*6). Let i(d) = d**3 + 4*d**2 + 3. List the prime factors of i(m).
3
Suppose 0 = 5*v + 159 - 434. List the prime factors of v.
5, 11
Let x be (4/(-10))/((-2)/10). Suppose -f + 2*q - 16 = -2*f, -x*f = -q - 12. Let d = f + 1. What are the prime factors of d?
3
Suppose -5*a = -10*a + 200. Suppose 18 = 4*x + 6. Suppose -x*p - p = -a. What are the prime factors of p?
2, 5
Suppose 0 = -2*i + 10, u + 8 = -4*i + 34. Let j(k) = -k**2 + 8*k + 1. List the prime factors of j(u).
13
Suppose z - 2 = 1. Suppose 0 = 3*g - 4*g + z. Suppose g*i + 4*s = 30, -s + 4 - 49 = -3*i. What are the prime factors of i?
2, 7
Suppose 3 = -4*t + 19. Suppose r - 10 = -3*c, 2*c = -3*r + 4*r + 10. Suppose t*v = -u - c*u + 20, 3*u = -3*v + 9. What are the prime factors of u?
2
Let r(q) = 3*q + 6*q**2 - 1 + 0*q**2 - q**3 - 5*q. Suppose -3*y = n + 1 - 0, -5*n = -5*y - 15. List the prime factors of r(n).
11
Let b = 61 - -17. What are the prime factors of b?
2, 3, 13
Let f = -26 + 14. What are the prime factors of 15*(-16)/f - -1?
3, 7
Let s = 48 + -45. Suppose -2*h = 6, 4*m + 2*h = 6*h + 144. Suppose 0 = -s*p - 0 + m. What are the prime factors of p?
11
Let f(y) = y**2 + 9*y + 12. Let b(g) be the second derivative of -2*g**3/3 - g**2/2 + g. Let r be b(2). What are the prime factors of f(r)?
2, 3
Let g(a) = -a**3 + 13*a**2 + a + 16. List the prime factors of g(12).
2, 43
Let x(n) = -n**3 - 18*n**2 - 18*n + 2. List the prime factors of x(-17).
19
Suppose -v + 48 + 8 = 0. What are the prime factors of (-4)/(-14) + 600/v?
11
Let f(h) = h + 1. Let u be f(1). Let q = -26 + 44. What are the prime factors of 372/q - u/(-6)?
3, 7
Suppose 8*p - 4*p = 0. Let j = 3 + p. What are the prime factors of (j + 0 - 3) + 3?
3
Let q(k) = 4*k - 5*k**2 - 6 - 2 - 5*k - k**3 + 4*k. What are the prime factors of q(-6)?
2, 5
Let x = 14 - 10. Suppose -3 - 9 = x*w, d - 4*w - 31 = 0. What are the prime factors of d?
19
Suppose 2*h = -q - 1, -2*q = 3*h - 4*q - 9. Let i(k) be the second derivative of k**5/2 - k**3/3 + k**2/2 + 2*k. What are the prime factors of i(h)?
3
Suppose 2*j - 5*o = 21, -2*j - 5*o - 14 = 15. Let a be (j/(4/(-6)))/1. Suppose a*x - 3 = 27. What are the prime factors of x?
2, 5
Let q = -5 + 8. Suppose -2*f + 29 = -k, q*f - 33 = -0*k - 2*k. What are the prime factors of f?
13
What are the prime factors of (0 - (-1 - 56))*60/45?
2, 19
Let i be (-12)/(2/6*-2). Let h = i - -2. What are the prime factors of h?
2, 5
Suppose u - 2*u = -4. Let w(c) = -4*c + 15. Let p be w(9). What are the prime factors of p/(-2)*u/3?
2, 7
Let c(k) = -k**3 - 4*k**2 + 5*k + 14. What are the prime factors of c(-6)?
2, 7
Let h(t) = t**2 - 6*t - 10. Suppose 2*k = -5*g + 108, -2*k = -2*g - g + 52. Let o = g - 12. What are the prime factors of h(o)?
2, 3
Let s be 38/(-4)*(0 + -2). Let l = s - 8. List the prime factors of l.
11
What are the prime factors of (15/9)/((-1)/(-3))?
5
Let o be -1 + -9 + 0/(-2). List the prime factors of o/45 - (-119)/9.
13
Suppose 4*f - 4*p - 10 = 2, 20 = 4*f + 4*p. Suppose 0*u + f*u - 24 = 0. List the prime factors of (-5 - u)/(-1 + 0).
11
Let v be (20/7)/((-10)/(-35)). Let q = v + -2. What are the prime factors of q?
2
Suppose 7*g - 3*g - 16 = 0. Let n(p) = 4*p**2 - 4 + 0*p**2 + 7 - g*p. List the prime factors of n(2).
11
What are the prime factors of ((-32)/6)/((-11)/99)?
2, 3
Suppose -6*c + 5*c = -87. What are the prime factors of c?
3, 29
Let b = 10 - 7. Let s = 12 - 10. Suppose s*i - 30 = -b*i. What are the prime factors of i?
2, 3
Let u = 7 - -14. Suppose u = 2*r - 29. Suppose -4*d + r = d + 3*v, 0 = 3*d - 5*v - 49. List the prime factors of d.
2
Suppose 10*l - 8*l = 212. List the prime factors of l.
2, 53
Let r = 7 - 4. Suppose r*i = 5*i - 54. List the prime factors of i.
3
Suppose -y - y = 0. Suppose -5*q + 3*q + 12 = y. Suppose -q*h + 65 = -h. What are the prime factors of h?
13
Suppose -401 - 211 = -6*q. List the prime factors of q.
2, 3, 17
Suppose 531 = 20*s - 17*s. List the prime factors of s.
3, 59
Suppose 0 = 5*r - 2*r - 12. Suppose r*f = -0*f. Suppose 2 = -f*z + z. What are the prime factors of z?
2
Let z(q) = q**2 + 5*q - 11. What are the prime factors of z(-8)?
13
Suppose 0 = -4*m + 16 + 32. Suppose -c = m - 41. List the prime factors of c.
29
Let a = -15 + 28. Let i = 10 - -6. Suppose 3*z - z - 4*c + i = 0, -a = -4*z - c. List the prime factors of z.
2
Suppose 0 = 5*o - 25, -2*t + 3*o + 117 = 8*o. List the prime factors of t.
2, 23
Let l(o) = 25*o**2 - o. Suppose r - 2 = 3*r. What are the prime factors of l(r)?
2, 13
Let q be 6/4*40/6. Let s = 15 - 16. List the prime factors of (2 - (-5)/s) + q.
7
What are the prime factors of ((-23)/(-46))/(1/96)?
2, 3
Suppose 0 = -12*x + 16*x - 120. What are the prime factors of x?
2, 3, 5
Let m = -2 - 2. Suppose 20 = 4*s + s. What are the prime factors of 67/s - 1/m?
17
Let x = -6 + 10. Suppose 2 = -5*a + x*a. Let p = 0 - a. What are the prime factors of p?
2
Let x = -40 + 54. What are the prime factors of x?
2, 7
Suppose v + 4 = 2. Let i be ((-184)/(-12))/(v/(-3)). Suppose -4*r + n + 43 = 0, 0*r + 4*r = 5*n + i. List the prime factors of r.
2, 3
Let u(p) = -p - 6. Let g be u(-4). Let b be 2 - (0 + g - -4). Suppose 4*k - 8*k + 92 = b. List the prime factors of k.
23
Suppose 166 = 5*x - 2*h, 2*x - 2*h = 51 + 19. Let f be 3*(x/6)/(-4). List the prime factors of (-136)/(-12) + f/(-6).
2, 3
Let y(l) = l**3 - 8*l**2 - 9*l + 2. Let c be (-8)/(-12) - 50/(-6). Let b be y(c). List the prime factors of 0 + b + 6 + 12.
2, 5
Suppose -5*g = -2*g - 15. Suppose -g = -3*s + 10. What are the prime factors of s?
5
Let c = -3 - -1. Let k(a) = -3*a**2 - 3*a - 1. Let h be k(c). What are the prime factors of (-120)/(-28) - (-2)/h?
2
Let l(w) = 2*w + 6. Suppose 0 = -3*x - 25 + 4. Let a be l(x). Let h = a - -11. What are the prime factors of h?
3
Let f be 6*2/(-4) - -728. List the prime factors of f/35 + 2/7.
3, 7
Let m(f) be the first derivative of -f**3/3 + 2*f + 1. Let v(l) = -l**3 + 10*l**2 - 10*l + 9. Let d be v(9). List the prime factors of m(d).
2
List the prime factors of (-4)/14 + 2085/21.
3, 11
Suppose 53 = 4*x - 5*r, 3*x - 2*r - 4 = 27. Suppose 2*m - 3*m = -5*w + 90, w + 2*m = x. List the prime factors of w.
17
Suppose 5*o - 364 = 121. List the prime factors of o.
97
Let u be 195/2*2